d by 6?
0
Suppose 4*c - 150 = 3*j, 5*c - 312 = j - 119. Calculate the remainder when c is divided by 16.
7
Let y(a) = -11*a - 9. Let k be y(-5). Suppose k + 10 = -4*b. Calculate the remainder when ((-48)/b)/1*7 is divided by 10.
4
What is the remainder when 143 is divided by 40 - (210/126)/((-2)/6)?
8
Suppose 13*p = -9*p + 2442. Let x = 254 - p. Calculate the remainder when x is divided by 37.
32
Suppose -14*q = -17*q - 204. Let k = -55 - q. Calculate the remainder when 37 is divided by k.
11
Let p(k) = 4*k + 21. Let h(w) = w**3 + 17*w**2 + 17*w + 20. Let m be h(-16). Suppose 2*c - m*c + 42 = 0. Calculate the remainder when p(5) is divided by c.
20
Let b = -10 + 28. Suppose 0 = o + 3*i + 9, -3*i = 4*o + b. Calculate the remainder when 2 is divided by o/(-3)*(1 - 0).
0
Suppose 41*o - 459 = 24*o. Calculate the remainder when 106 is divided by o.
25
Suppose -o + 5*v = 2*o - 60, o - v = 22. Suppose 11 - 39 = -4*q. What is the remainder when o is divided by q?
4
Suppose 1062 = 28*g - 198. What is the remainder when 219 is divided by g?
39
Suppose -23*w + 8961 = 80*w. Calculate the remainder when 352 is divided by w.
4
Let w(c) = 0*c - c - 4*c + 5. What is the remainder when w(-3) is divided by 12?
8
Let b(d) = -d**2 - 6*d + 7. Let r be b(-7). Suppose 7*l = -r + 84. Calculate the remainder when l is divided by 3.
0
Suppose 0 = -5*h + 2*h + 405. Let i = -258 + 292. What is the remainder when h is divided by i?
33
Let v(f) = 35*f**2 - 3*f - 3. Calculate the remainder when v(-2) is divided by 10/45 - ((-1602)/81 + -4).
23
Calculate the remainder when 70 is divided by 1 + (18/1 - 0).
13
Let u = -26 - -16. Let n = 18 - u. Calculate the remainder when 54 is divided by n.
26
Let y(x) = x**3 - 7*x**2 + 7*x + 1. Let n be y(6). Let i = 5 + n. Let f(s) = -s**3 - 51*s**2 - 93*s + 266. Calculate the remainder when f(-49) is divided by i.
9
Let n = -342 - -368. Calculate the remainder when 355 is divided by n.
17
Suppose -5*i - 11 = -2*x, -x = -2*x + 2*i + 4. Calculate the remainder when 110 is divided by x + 2 + -2 + 39.
36
Let u be (2 + 249/6)*36/(-27). Let w = -39 - u. What is the remainder when 34 is divided by w?
15
Let o(t) = 105*t**2 - 10*t - 2. What is the remainder when o(-2) is divided by 49?
46
Let j = -1045 - -2330. What is the remainder when j is divided by 39?
37
Suppose 4*s + s = 350. What is the remainder when 4/14 - (-190)/s is divided by 3?
0
Let u = 47 - 9. Let g be 71 + -2 + (0 - -3). Suppose 96 = 12*s - g. What is the remainder when u is divided by s?
10
Let p(w) = 4*w**2 - w + 1. Let g = 41 - 16. Suppose -7*t + 38 = -g. Calculate the remainder when t is divided by p(1).
1
Let w(l) = -5*l + 2. Let z be 1*2*-13*(-2)/(-4). Calculate the remainder when w(z) is divided by 23.
21
Suppose -7*g + 0*g + 1059 = 5*a, -5*g - 15 = 0. What is the remainder when a is divided by 31?
30
Suppose 0 = -4*d, -5*b - 4*d + 1211 = 381. Calculate the remainder when b is divided by 53.
7
Let b be 6/8*(490/5 + 2). Suppose -7*s = -b - 2. What is the remainder when s is divided by 6?
5
Let i be 1 - 204/16 - (-2)/(-8). Calculate the remainder when 30 is divided by i/(-66) + 119/11.
8
Let c = 30 + -20. Let k(l) be the first derivative of -l**2/2 + 19*l + 2. What is the remainder when k(c) is divided by 4?
1
Let b(v) = 108*v**2 + 9*v + 11. What is the remainder when b(-1) is divided by 50?
10
Suppose 0 = -60*q + 2733 + 1407. Calculate the remainder when 133 is divided by q.
64
Let f = -3 + 3. Let h(c) = c + 2. Let x be h(f). Suppose -2*r - 5*v - 310 = -6*r, 0 = -3*r - x*v + 244. Calculate the remainder when r is divided by 27.
26
Suppose -74*v = -80*v + 174. Calculate the remainder when 82 is divided by v.
24
Let u(k) = 2*k**2 - 32*k + 22. Let i be u(15). Suppose 5*l - 207 + 27 = 0. What is the remainder when l is divided by 4*(-2 - 42/i)?
10
Let g be 34/(-10) - 20/(-50). Calculate the remainder when 50 is divided by (3/(-2))/g*26.
11
Let w be 10/25 - (-4)/(-10). Suppose 3*b = -w*i - 3*i + 21, 2*b - 5 = i. Let m = -1 - -7. What is the remainder when m is divided by b?
2
Let r(v) = -v**3 - 3*v**2 - 4*v - 5. Let z be r(-5). Let s = 330 + -324. Suppose -49 - z = -s*t. Calculate the remainder when 36 is divided by t.
17
Suppose 20 = 3*z + 4*c - 16, -5*c - 1 = -2*z. What is the remainder when 19 is divided by z?
3
Let o = -713 + 1051. What is the remainder when o is divided by 86?
80
Let q be (-14)/(-3) + 10/(-15). Suppose -6*t = -q*t + 6. Calculate the remainder when 29 is divided by (-8)/t*15/4.
9
Let g(a) = 11*a - 21. Let h be g(-6). Let l = -78 - h. Let i = 0 - -4. Calculate the remainder when l is divided by i.
1
Let y = 26 + 6. What is the remainder when (0/2)/(-3) + 125 is divided by y?
29
Let x(o) = -o + 11. Calculate the remainder when 367 is divided by x(2).
7
Let o(v) = v**2 + 12*v + 21. What is the remainder when -2 + 3/(3/40) is divided by o(-11)?
8
Suppose 0*w = -3*w. Let c(s) = -43*s + w + 42*s + 7 + 2. What is the remainder when 61 is divided by c(-7)?
13
Suppose 5*z + q + 2*q = 35, z - 3*q = -11. Suppose -5*k + 113 = z*v, -v - 12 = -k - 38. Calculate the remainder when 107 is divided by v.
26
What is the remainder when 20 is divided by -4 - 55/15*-3?
6
Suppose 24*i = -358 + 1558. Calculate the remainder when 191 is divided by i.
41
Let t be (-6)/((6/(-4))/1). Suppose h = -h - t. What is the remainder when 34 - (-2 + (-1 - h)) is divided by 13?
9
Suppose 7*d - 6 = 4*d. Suppose s + 106 = 3*b, -s = 6*b - d*b - 139. Calculate the remainder when b is divided by 12.
11
Let q(n) = -n + 13. Let f be q(12). Calculate the remainder when (-10 - -14)*f/(-4)*-46 is divided by 8.
6
Let c(b) = 7*b - 11. Let p = -4 - 12. Let n = p - -29. Calculate the remainder when c(7) is divided by n.
12
Let x = 6 - -5. Suppose 5*l - 2*n - 5 - 1 = 0, 2*n + 6 = -4*l. Suppose 0 = -a + 7 - l. Calculate the remainder when x is divided by a.
4
What is the remainder when 125 is divided by ((-1034)/(-235))/(-1 + (-34)/(-30))?
26
Suppose 4*y + y = s - 16, -4*s + 3*y + 149 = 0. Calculate the remainder when (-4)/64*4 - 954/(-8) is divided by s.
37
Let n be (-408)/42 + (-2)/7. Let k = n + 15. Suppose -d - 4*p + k = 0, 2*p + 20 = 4*d - 2*p. Calculate the remainder when 18 is divided by d.
3
Let x(l) = -4*l - 27. Let p be x(-7). What is the remainder when (p + -2)*590/(-2) is divided by 33?
31
Let l = -304 - -344. What is the remainder when 238 is divided by l?
38
Let o = 148 + -78. Calculate the remainder when o is divided by ((-18)/4)/((-1)/8).
34
Calculate the remainder when 350 is divided by 5/((-15)/(-21)) + 37.
42
Let y(x) = -x**3 + 32*x**2 - 62*x + 69. What is the remainder when y(30) is divided by 3?
0
Suppose -3*i = -12 - 3. Let v = 198 - 196. Calculate the remainder when i is divided by v.
1
Suppose -5*p + 36 = 3*h - 43, 4*p + 16 = 2*h. Suppose 5*d + l = 44 + 313, -215 = -3*d - l. Calculate the remainder when d is divided by h.
17
Let h(f) = -f**2 + 7*f + 212. What is the remainder when h(16) is divided by 12?
8
Let n = 32 - 21. Let h(m) be the second derivative of -m**5/20 + 7*m**4/12 - 4*m**3/3 - 3*m**2 + 18*m. Calculate the remainder when n is divided by h(5).
3
Let j = 167 - 122. Calculate the remainder when 56 is divided by j.
11
Let d(v) be the first derivative of -6*v**2 + 10*v - 1. Let u be d(3). Let z = 39 + u. What is the remainder when 36 is divided by z?
10
Let l(k) = -k**3 + 6*k**2 - 3*k - 7. Suppose -4*s - 2*w - 3*w + 25 = 0, -4*w = 12. Suppose s = 2*p - 0. Calculate the remainder when l(p) is divided by 1.
0
Let x = 50 - -11. Suppose 2*p - 53 = x. Suppose 1 = -2*m - 3*h + 17, -h - p = -5*m. Calculate the remainder when 20 is divided by m.
9
Let o(y) = -y - 2. Let c be o(2). Let s = 8 - c. What is the remainder when 34 is divided by 8/s + 68/6?
10
Let g = -1259 - -1419. What is the remainder when g is divided by 62?
36
Let w(k) = 9*k - 22. Let l(a) = -3*a + 7. Let o(c) = -8*l(c) - 3*w(c). Let n(x) = -7*x + 2. What is the remainder when n(-5) is divided by o(0)?
7
Let a(c) = -c**3 + 15*c**2 + 2*c + 10. Let y be a(15). Suppose 4*d = 6*d + y. Calculate the remainder when 69 is divided by (4 - d)/1 - 0.
21
Suppose -6*g + 19 = -23. Let w = g + 34. Let a(f) = 13*f**2 + 1. What is the remainder when w is divided by a(-1)?
13
Let b(t) = -2*t + 1. Let l(d) = -d**2 + 15*d - 14. Let k(